{"version":"1.0","provider_name":"FANTAmtb","provider_url":"https:\/\/www.365mountainbike.it\/fantamtb","author_name":"FANTAmtb","author_url":"https:\/\/www.365mountainbike.it\/fantamtb\/author\/davide\/","title":"Biografia Martin Stosek - Atleta MTB (foto\/risultati) | FANTAmtb","type":"rich","width":600,"height":338,"html":"<blockquote class=\"wp-embedded-content\" data-secret=\"A3ArJWiPYR\"><a href=\"https:\/\/www.365mountainbike.it\/fantamtb\/atleti\/martin-stosek\/\">Martin Stosek<\/a><\/blockquote><iframe sandbox=\"allow-scripts\" security=\"restricted\" src=\"https:\/\/www.365mountainbike.it\/fantamtb\/atleti\/martin-stosek\/embed\/#?secret=A3ArJWiPYR\" width=\"600\" height=\"338\" title=\"&#8220;Martin Stosek&#8221; &#8212; FANTAmtb\" data-secret=\"A3ArJWiPYR\" frameborder=\"0\" marginwidth=\"0\" marginheight=\"0\" scrolling=\"no\" class=\"wp-embedded-content\"><\/iframe><script type=\"text\/javascript\">\n\/* <![CDATA[ *\/\n\/*! This file is auto-generated *\/\n!function(d,l){\"use strict\";l.querySelector&&d.addEventListener&&\"undefined\"!=typeof URL&&(d.wp=d.wp||{},d.wp.receiveEmbedMessage||(d.wp.receiveEmbedMessage=function(e){var t=e.data;if((t||t.secret||t.message||t.value)&&!\/[^a-zA-Z0-9]\/.test(t.secret)){for(var s,r,n,a=l.querySelectorAll('iframe[data-secret=\"'+t.secret+'\"]'),o=l.querySelectorAll('blockquote[data-secret=\"'+t.secret+'\"]'),c=new RegExp(\"^https?:$\",\"i\"),i=0;i<o.length;i++)o[i].style.display=\"none\";for(i=0;i<a.length;i++)s=a[i],e.source===s.contentWindow&&(s.removeAttribute(\"style\"),\"height\"===t.message?(1e3<(r=parseInt(t.value,10))?r=1e3:~~r<200&&(r=200),s.height=r):\"link\"===t.message&&(r=new URL(s.getAttribute(\"src\")),n=new URL(t.value),c.test(n.protocol))&&n.host===r.host&&l.activeElement===s&&(d.top.location.href=t.value))}},d.addEventListener(\"message\",d.wp.receiveEmbedMessage,!1),l.addEventListener(\"DOMContentLoaded\",function(){for(var e,t,s=l.querySelectorAll(\"iframe.wp-embedded-content\"),r=0;r<s.length;r++)(t=(e=s[r]).getAttribute(\"data-secret\"))||(t=Math.random().toString(36).substring(2,12),e.src+=\"#?secret=\"+t,e.setAttribute(\"data-secret\",t)),e.contentWindow.postMessage({message:\"ready\",secret:t},\"*\")},!1)))}(window,document);\n\/\/# sourceURL=https:\/\/www.365mountainbike.it\/fantamtb\/wp-includes\/js\/wp-embed.min.js\n\/* ]]> *\/\n<\/script>\n","thumbnail_url":"https:\/\/www.365mountainbike.it\/fantamtb\/wp-content\/uploads\/2022\/01\/stosek-martin.jpg","thumbnail_width":800,"thumbnail_height":533,"description":"Martin Sto\u0161ek (nato il 4 gennaio 1994) \u00e8 un biker ceco, specializzato nelle marathon. Sto\u0161ek ha iniziato a fare mountain bike nel cross-country ottenendo buoni piazzamenti tra gli U23. Da Elite si \u00e8 specializzato nelle gare maratona ed ha vinto tre gare nella UCI Marathon Series. Nel 2020 Sto\u0161ek \u00e8 arrivato terzo ai Campionati del [&hellip;]"}

Martin Stošek (nato il 4 gennaio 1994) è un biker ceco, specializzato nelle marathon. Stošek ha iniziato a fare mountain bike nel cross-country ottenendo buoni piazzamenti tra gli U23. Da Elite si è specializzato nelle gare maratona ed ha vinto tre gare nella UCI Marathon Series. Nel 2020 Stošek è arrivato terzo ai Campionati del [&hellip;]
