{"version":"1.0","provider_name":"FANTAmtb","provider_url":"https:\/\/www.365mountainbike.it\/fantamtb","author_name":"FANTAmtb","author_url":"https:\/\/www.365mountainbike.it\/fantamtb\/author\/davide\/","title":"Biografia Kristi\u00e1n Hynek - Atleta MTB (foto\/risultati) | FANTAmtb","type":"rich","width":600,"height":338,"html":"<blockquote class=\"wp-embedded-content\" data-secret=\"t6bXrO9tEZ\"><a href=\"https:\/\/www.365mountainbike.it\/fantamtb\/atleti\/kristian-hynek\/\">Kristi\u00e1n Hynek<\/a><\/blockquote><iframe sandbox=\"allow-scripts\" security=\"restricted\" src=\"https:\/\/www.365mountainbike.it\/fantamtb\/atleti\/kristian-hynek\/embed\/#?secret=t6bXrO9tEZ\" width=\"600\" height=\"338\" title=\"&#8220;Kristi\u00e1n Hynek&#8221; &#8212; FANTAmtb\" data-secret=\"t6bXrO9tEZ\" frameborder=\"0\" marginwidth=\"0\" marginheight=\"0\" scrolling=\"no\" class=\"wp-embedded-content\"><\/iframe><script type=\"text\/javascript\">\n\/* <![CDATA[ *\/\n\/*! This file is auto-generated *\/\n!function(d,l){\"use strict\";l.querySelector&&d.addEventListener&&\"undefined\"!=typeof URL&&(d.wp=d.wp||{},d.wp.receiveEmbedMessage||(d.wp.receiveEmbedMessage=function(e){var t=e.data;if((t||t.secret||t.message||t.value)&&!\/[^a-zA-Z0-9]\/.test(t.secret)){for(var s,r,n,a=l.querySelectorAll('iframe[data-secret=\"'+t.secret+'\"]'),o=l.querySelectorAll('blockquote[data-secret=\"'+t.secret+'\"]'),c=new RegExp(\"^https?:$\",\"i\"),i=0;i<o.length;i++)o[i].style.display=\"none\";for(i=0;i<a.length;i++)s=a[i],e.source===s.contentWindow&&(s.removeAttribute(\"style\"),\"height\"===t.message?(1e3<(r=parseInt(t.value,10))?r=1e3:~~r<200&&(r=200),s.height=r):\"link\"===t.message&&(r=new URL(s.getAttribute(\"src\")),n=new URL(t.value),c.test(n.protocol))&&n.host===r.host&&l.activeElement===s&&(d.top.location.href=t.value))}},d.addEventListener(\"message\",d.wp.receiveEmbedMessage,!1),l.addEventListener(\"DOMContentLoaded\",function(){for(var e,t,s=l.querySelectorAll(\"iframe.wp-embedded-content\"),r=0;r<s.length;r++)(t=(e=s[r]).getAttribute(\"data-secret\"))||(t=Math.random().toString(36).substring(2,12),e.src+=\"#?secret=\"+t,e.setAttribute(\"data-secret\",t)),e.contentWindow.postMessage({message:\"ready\",secret:t},\"*\")},!1)))}(window,document);\n\/\/# sourceURL=https:\/\/www.365mountainbike.it\/fantamtb\/wp-includes\/js\/wp-embed.min.js\n\/* ]]> *\/\n<\/script>\n","thumbnail_url":"https:\/\/www.365mountainbike.it\/fantamtb\/wp-content\/uploads\/2022\/01\/Kristian-Hynek.jpeg","thumbnail_width":1200,"thumbnail_height":1200,"description":"Kristian Hynek (19 Maggio 1980) \u00e8 un biker cieco specializzato nelle lunghe distanze marathon. Hynek \u00e8 diventato un professionista nel 2005 gareggiando in coppa del mondo XCO, ma senza risultati di rilievo. \u00c8 stato solo quando \u00e8 passato alle maratone di mountain bike nei primi anni 2010 che \u00e8 stato in grado di affermarsi a [&hellip;]"}

Biografia Kristián Hynek - Atleta MTB (foto/risultati) | FANTAmtb

<blockquote class="wp-embedded-content" data-secret="t6bXrO9tEZ"><a href="https://www.365mountainbike.it/fantamtb/atleti/kristian-hynek/">Kristián Hynek</a></blockquote><iframe sandbox="allow-scripts" security="restricted" src="https://www.365mountainbike.it/fantamtb/atleti/kristian-hynek/embed/#?secret=t6bXrO9tEZ" width="600" height="338" title="&#8220;Kristián Hynek&#8221; &#8212; FANTAmtb" data-secret="t6bXrO9tEZ" frameborder="0" marginwidth="0" marginheight="0" scrolling="no" class="wp-embedded-content"></iframe><script type="text/javascript">
/* <![CDATA[ */
/*! This file is auto-generated */
!function(d,l){"use strict";l.querySelector&&d.addEventListener&&"undefined"!=typeof URL&&(d.wp=d.wp||{},d.wp.receiveEmbedMessage||(d.wp.receiveEmbedMessage=function(e){var t=e.data;if((t||t.secret||t.message||t.value)&&!/[^a-zA-Z0-9]/.test(t.secret)){for(var s,r,n,a=l.querySelectorAll('iframe[data-secret="'+t.secret+'"]'),o=l.querySelectorAll('blockquote[data-secret="'+t.secret+'"]'),c=new RegExp("^https?:$","i"),i=0;i<o.length;i++)o[i].style.display="none";for(i=0;i<a.length;i++)s=a[i],e.source===s.contentWindow&&(s.removeAttribute("style"),"height"===t.message?(1e3<(r=parseInt(t.value,10))?r=1e3:~~r<200&&(r=200),s.height=r):"link"===t.message&&(r=new URL(s.getAttribute("src")),n=new URL(t.value),c.test(n.protocol))&&n.host===r.host&&l.activeElement===s&&(d.top.location.href=t.value))}},d.addEventListener("message",d.wp.receiveEmbedMessage,!1),l.addEventListener("DOMContentLoaded",function(){for(var e,t,s=l.querySelectorAll("iframe.wp-embedded-content"),r=0;r<s.length;r++)(t=(e=s[r]).getAttribute("data-secret"))||(t=Math.random().toString(36).substring(2,12),e.src+="#?secret="+t,e.setAttribute("data-secret",t)),e.contentWindow.postMessage({message:"ready",secret:t},"*")},!1)))}(window,document);
//# sourceURL=https://www.365mountainbike.it/fantamtb/wp-includes/js/wp-embed.min.js
/* ]]> */
</script>

Kristian Hynek (19 Maggio 1980) è un biker cieco specializzato nelle lunghe distanze marathon. Hynek è diventato un professionista nel 2005 gareggiando in coppa del mondo XCO, ma senza risultati di rilievo. È stato solo quando è passato alle maratone di mountain bike nei primi anni 2010 che è stato in grado di affermarsi a [&hellip;]
