{"version":"1.0","provider_name":"FANTAmtb","provider_url":"https:\/\/www.365mountainbike.it\/fantamtb","author_name":"FANTAmtb","author_url":"https:\/\/www.365mountainbike.it\/fantamtb\/author\/davide\/","title":"Biografia Jos\u00e8 Antonio Hermida - Atleta MTB (foto\/risultati) | FANTAmtb","type":"rich","width":600,"height":338,"html":"<blockquote class=\"wp-embedded-content\" data-secret=\"qLZdCoVQ6o\"><a href=\"https:\/\/www.365mountainbike.it\/fantamtb\/atleti\/jose-antonio-hermida-ramos\/\">Jos\u00e8 Antonio Hermida<\/a><\/blockquote><iframe sandbox=\"allow-scripts\" security=\"restricted\" src=\"https:\/\/www.365mountainbike.it\/fantamtb\/atleti\/jose-antonio-hermida-ramos\/embed\/#?secret=qLZdCoVQ6o\" width=\"600\" height=\"338\" title=\"&#8220;Jos\u00e8 Antonio Hermida&#8221; &#8212; FANTAmtb\" data-secret=\"qLZdCoVQ6o\" frameborder=\"0\" marginwidth=\"0\" marginheight=\"0\" scrolling=\"no\" class=\"wp-embedded-content\"><\/iframe><script type=\"text\/javascript\">\n\/* <![CDATA[ *\/\n\/*! This file is auto-generated *\/\n!function(d,l){\"use strict\";l.querySelector&&d.addEventListener&&\"undefined\"!=typeof URL&&(d.wp=d.wp||{},d.wp.receiveEmbedMessage||(d.wp.receiveEmbedMessage=function(e){var t=e.data;if((t||t.secret||t.message||t.value)&&!\/[^a-zA-Z0-9]\/.test(t.secret)){for(var s,r,n,a=l.querySelectorAll('iframe[data-secret=\"'+t.secret+'\"]'),o=l.querySelectorAll('blockquote[data-secret=\"'+t.secret+'\"]'),c=new RegExp(\"^https?:$\",\"i\"),i=0;i<o.length;i++)o[i].style.display=\"none\";for(i=0;i<a.length;i++)s=a[i],e.source===s.contentWindow&&(s.removeAttribute(\"style\"),\"height\"===t.message?(1e3<(r=parseInt(t.value,10))?r=1e3:~~r<200&&(r=200),s.height=r):\"link\"===t.message&&(r=new URL(s.getAttribute(\"src\")),n=new URL(t.value),c.test(n.protocol))&&n.host===r.host&&l.activeElement===s&&(d.top.location.href=t.value))}},d.addEventListener(\"message\",d.wp.receiveEmbedMessage,!1),l.addEventListener(\"DOMContentLoaded\",function(){for(var e,t,s=l.querySelectorAll(\"iframe.wp-embedded-content\"),r=0;r<s.length;r++)(t=(e=s[r]).getAttribute(\"data-secret\"))||(t=Math.random().toString(36).substring(2,12),e.src+=\"#?secret=\"+t,e.setAttribute(\"data-secret\",t)),e.contentWindow.postMessage({message:\"ready\",secret:t},\"*\")},!1)))}(window,document);\n\/\/# sourceURL=https:\/\/www.365mountainbike.it\/fantamtb\/wp-includes\/js\/wp-embed.min.js\n\/* ]]> *\/\n<\/script>\n","thumbnail_url":"https:\/\/www.365mountainbike.it\/fantamtb\/wp-content\/uploads\/2011\/05\/HERMIDA-SAUSER-MARCO-BUI-2005.jpg","thumbnail_width":2048,"thumbnail_height":1356,"description":"Jos\u00e9 Antonio Hermida Ramos (Puigcerd\u00e0, 24 agosto 1978), uno dei talenti pi\u00f9 cristallini del panorama Mountain Bike con una carriera che fin da giovane gli ha portato moltissimi successi, come il mondiale vinto tra gli juniores e gli U23. E&#8217; uno dei pochi corridori ad aver vinto il mondiale in tutte le discipline visto che [&hellip;]"}

Biografia Josè Antonio Hermida - Atleta MTB (foto/risultati) | FANTAmtb

<blockquote class="wp-embedded-content" data-secret="qLZdCoVQ6o"><a href="https://www.365mountainbike.it/fantamtb/atleti/jose-antonio-hermida-ramos/">Josè Antonio Hermida</a></blockquote><iframe sandbox="allow-scripts" security="restricted" src="https://www.365mountainbike.it/fantamtb/atleti/jose-antonio-hermida-ramos/embed/#?secret=qLZdCoVQ6o" width="600" height="338" title="&#8220;Josè Antonio Hermida&#8221; &#8212; FANTAmtb" data-secret="qLZdCoVQ6o" frameborder="0" marginwidth="0" marginheight="0" scrolling="no" class="wp-embedded-content"></iframe><script type="text/javascript">
/* <![CDATA[ */
/*! This file is auto-generated */
!function(d,l){"use strict";l.querySelector&&d.addEventListener&&"undefined"!=typeof URL&&(d.wp=d.wp||{},d.wp.receiveEmbedMessage||(d.wp.receiveEmbedMessage=function(e){var t=e.data;if((t||t.secret||t.message||t.value)&&!/[^a-zA-Z0-9]/.test(t.secret)){for(var s,r,n,a=l.querySelectorAll('iframe[data-secret="'+t.secret+'"]'),o=l.querySelectorAll('blockquote[data-secret="'+t.secret+'"]'),c=new RegExp("^https?:$","i"),i=0;i<o.length;i++)o[i].style.display="none";for(i=0;i<a.length;i++)s=a[i],e.source===s.contentWindow&&(s.removeAttribute("style"),"height"===t.message?(1e3<(r=parseInt(t.value,10))?r=1e3:~~r<200&&(r=200),s.height=r):"link"===t.message&&(r=new URL(s.getAttribute("src")),n=new URL(t.value),c.test(n.protocol))&&n.host===r.host&&l.activeElement===s&&(d.top.location.href=t.value))}},d.addEventListener("message",d.wp.receiveEmbedMessage,!1),l.addEventListener("DOMContentLoaded",function(){for(var e,t,s=l.querySelectorAll("iframe.wp-embedded-content"),r=0;r<s.length;r++)(t=(e=s[r]).getAttribute("data-secret"))||(t=Math.random().toString(36).substring(2,12),e.src+="#?secret="+t,e.setAttribute("data-secret",t)),e.contentWindow.postMessage({message:"ready",secret:t},"*")},!1)))}(window,document);
//# sourceURL=https://www.365mountainbike.it/fantamtb/wp-includes/js/wp-embed.min.js
/* ]]> */
</script>

José Antonio Hermida Ramos (Puigcerdà, 24 agosto 1978), uno dei talenti più cristallini del panorama Mountain Bike con una carriera che fin da giovane gli ha portato moltissimi successi, come il mondiale vinto tra gli juniores e gli U23. E&#8217; uno dei pochi corridori ad aver vinto il mondiale in tutte le discipline visto che [&hellip;]
