{"version":"1.0","provider_name":"FANTAmtb","provider_url":"https:\/\/www.365mountainbike.it\/fantamtb","author_name":"FANTAmtb","author_url":"https:\/\/www.365mountainbike.it\/fantamtb\/author\/davide\/","title":"Biografia Emelie Ohrstig - Atleta MTB (foto\/risultati) | FANTAmtb","type":"rich","width":600,"height":338,"html":"<blockquote class=\"wp-embedded-content\" data-secret=\"cO3XSnsjoa\"><a href=\"https:\/\/www.365mountainbike.it\/fantamtb\/atleti\/emelie-ohrstig\/\">Emelie Ohrstig<\/a><\/blockquote><iframe sandbox=\"allow-scripts\" security=\"restricted\" src=\"https:\/\/www.365mountainbike.it\/fantamtb\/atleti\/emelie-ohrstig\/embed\/#?secret=cO3XSnsjoa\" width=\"600\" height=\"338\" title=\"&#8220;Emelie Ohrstig&#8221; &#8212; FANTAmtb\" data-secret=\"cO3XSnsjoa\" frameborder=\"0\" marginwidth=\"0\" marginheight=\"0\" scrolling=\"no\" class=\"wp-embedded-content\"><\/iframe><script type=\"text\/javascript\">\n\/* <![CDATA[ *\/\n\/*! This file is auto-generated *\/\n!function(d,l){\"use strict\";l.querySelector&&d.addEventListener&&\"undefined\"!=typeof URL&&(d.wp=d.wp||{},d.wp.receiveEmbedMessage||(d.wp.receiveEmbedMessage=function(e){var t=e.data;if((t||t.secret||t.message||t.value)&&!\/[^a-zA-Z0-9]\/.test(t.secret)){for(var s,r,n,a=l.querySelectorAll('iframe[data-secret=\"'+t.secret+'\"]'),o=l.querySelectorAll('blockquote[data-secret=\"'+t.secret+'\"]'),c=new RegExp(\"^https?:$\",\"i\"),i=0;i<o.length;i++)o[i].style.display=\"none\";for(i=0;i<a.length;i++)s=a[i],e.source===s.contentWindow&&(s.removeAttribute(\"style\"),\"height\"===t.message?(1e3<(r=parseInt(t.value,10))?r=1e3:~~r<200&&(r=200),s.height=r):\"link\"===t.message&&(r=new URL(s.getAttribute(\"src\")),n=new URL(t.value),c.test(n.protocol))&&n.host===r.host&&l.activeElement===s&&(d.top.location.href=t.value))}},d.addEventListener(\"message\",d.wp.receiveEmbedMessage,!1),l.addEventListener(\"DOMContentLoaded\",function(){for(var e,t,s=l.querySelectorAll(\"iframe.wp-embedded-content\"),r=0;r<s.length;r++)(t=(e=s[r]).getAttribute(\"data-secret\"))||(t=Math.random().toString(36).substring(2,12),e.src+=\"#?secret=\"+t,e.setAttribute(\"data-secret\",t)),e.contentWindow.postMessage({message:\"ready\",secret:t},\"*\")},!1)))}(window,document);\n\/\/# sourceURL=https:\/\/www.365mountainbike.it\/fantamtb\/wp-includes\/js\/wp-embed.min.js\n\/* ]]> *\/\n<\/script>\n","thumbnail_url":"https:\/\/www.365mountainbike.it\/fantamtb\/wp-content\/uploads\/2011\/06\/Emelie-Ohrstig.jpg","thumbnail_width":1200,"thumbnail_height":1200,"description":"Emelie \u00d6hrstig (nata il 27 Febbraio 1978 a Bor\u00e5s, svezia) \u00e8 una sciatrice svedese che ha conquistato la medagli d&#8217;oro ai campionati del mondo 2005 nella specialit\u00e0 sprint. Alle olimpiadi di Torino 2006 si piazz\u00f2 al 22\u00b0 posto (sempre nello sprint). In mountain bike ha fatto una piccola apparazione da junior piazzandosi al 2\u00b0 posto [&hellip;]"}

Emelie Öhrstig (nata il 27 Febbraio 1978 a Borås, svezia) è una sciatrice svedese che ha conquistato la medagli d&#8217;oro ai campionati del mondo 2005 nella specialità sprint. Alle olimpiadi di Torino 2006 si piazzò al 22° posto (sempre nello sprint). In mountain bike ha fatto una piccola apparazione da junior piazzandosi al 2° posto [&hellip;]
