{"version":"1.0","provider_name":"FANTAmtb","provider_url":"https:\/\/www.365mountainbike.it\/fantamtb","author_name":"FANTAmtb","author_url":"https:\/\/www.365mountainbike.it\/fantamtb\/author\/davide\/","title":"Biografia Caroline Buchanan - Atleta MTB (foto\/risultati) | FANTAmtb","type":"rich","width":600,"height":338,"html":"<blockquote class=\"wp-embedded-content\" data-secret=\"fTolfYhjvB\"><a href=\"https:\/\/www.365mountainbike.it\/fantamtb\/atleti\/caroline-buchanan\/\">Caroline Buchanan<\/a><\/blockquote><iframe sandbox=\"allow-scripts\" security=\"restricted\" src=\"https:\/\/www.365mountainbike.it\/fantamtb\/atleti\/caroline-buchanan\/embed\/#?secret=fTolfYhjvB\" width=\"600\" height=\"338\" title=\"&#8220;Caroline Buchanan&#8221; &#8212; FANTAmtb\" data-secret=\"fTolfYhjvB\" frameborder=\"0\" marginwidth=\"0\" marginheight=\"0\" scrolling=\"no\" class=\"wp-embedded-content\"><\/iframe><script type=\"text\/javascript\">\n\/* <![CDATA[ *\/\n\/*! This file is auto-generated *\/\n!function(d,l){\"use strict\";l.querySelector&&d.addEventListener&&\"undefined\"!=typeof URL&&(d.wp=d.wp||{},d.wp.receiveEmbedMessage||(d.wp.receiveEmbedMessage=function(e){var t=e.data;if((t||t.secret||t.message||t.value)&&!\/[^a-zA-Z0-9]\/.test(t.secret)){for(var s,r,n,a=l.querySelectorAll('iframe[data-secret=\"'+t.secret+'\"]'),o=l.querySelectorAll('blockquote[data-secret=\"'+t.secret+'\"]'),c=new RegExp(\"^https?:$\",\"i\"),i=0;i<o.length;i++)o[i].style.display=\"none\";for(i=0;i<a.length;i++)s=a[i],e.source===s.contentWindow&&(s.removeAttribute(\"style\"),\"height\"===t.message?(1e3<(r=parseInt(t.value,10))?r=1e3:~~r<200&&(r=200),s.height=r):\"link\"===t.message&&(r=new URL(s.getAttribute(\"src\")),n=new URL(t.value),c.test(n.protocol))&&n.host===r.host&&l.activeElement===s&&(d.top.location.href=t.value))}},d.addEventListener(\"message\",d.wp.receiveEmbedMessage,!1),l.addEventListener(\"DOMContentLoaded\",function(){for(var e,t,s=l.querySelectorAll(\"iframe.wp-embedded-content\"),r=0;r<s.length;r++)(t=(e=s[r]).getAttribute(\"data-secret\"))||(t=Math.random().toString(36).substring(2,12),e.src+=\"#?secret=\"+t,e.setAttribute(\"data-secret\",t)),e.contentWindow.postMessage({message:\"ready\",secret:t},\"*\")},!1)))}(window,document);\n\/\/# sourceURL=https:\/\/www.365mountainbike.it\/fantamtb\/wp-includes\/js\/wp-embed.min.js\n\/* ]]> *\/\n<\/script>\n","thumbnail_url":"https:\/\/www.365mountainbike.it\/fantamtb\/wp-content\/uploads\/2014\/12\/Caroline-Buchanan.jpg","thumbnail_width":953,"thumbnail_height":953,"description":"Caroline Buchanan (nata il 24 ottobre 1990, Canberra) \u00e8 una rider australiana, \u00e8 stata selezionata a rappresentare la propria nazione ai Giochi Olimpici di Londra 2012, specialit\u00e0 BMX. Atleta che svolge la doppia attivit\u00e0, perch\u00e9 oltre ad ottenere successi nella BMX, si mette in risalto anche nel Four Cross dove \u00e8 stata per ben tre [&hellip;]"}

Caroline Buchanan (nata il 24 ottobre 1990, Canberra) è una rider australiana, è stata selezionata a rappresentare la propria nazione ai Giochi Olimpici di Londra 2012, specialità BMX. Atleta che svolge la doppia attività, perché oltre ad ottenere successi nella BMX, si mette in risalto anche nel Four Cross dove è stata per ben tre [&hellip;]
